the greatest common divisor of x and 2265.
15
Let j(t) = t**2 - 63*t + 1007. Let k be j(32). What is the highest common factor of 1185 and k?
15
Suppose n + 672 = 15*n. Calculate the greatest common divisor of n and 112.
16
Let m(h) = 613*h**2 - h. Let d be m(1). What is the greatest common factor of 12 and d?
12
Let i be (-5 - 0)/((-3)/(-99)). Let r = i + 235. What is the greatest common divisor of r and 175?
35
Let m(y) = -y**2 + 6*y - 2. Let f be m(3). Let z = -2 + f. Suppose -23 + z = -a. What is the highest common divisor of a and 90?
18
Let d = -756 + 856. What is the highest common factor of 450 and d?
50
Let m be 6/4*(2 + (-280)/(-6)). Suppose 0*x + m = 3*x + 5*t, 5*t = 25. Calculate the greatest common factor of 12 and x.
4
Let m(t) = -66*t + 2. Suppose -k - 8 = -5*k. Suppose -k*d + 5*i = -1 + 3, 5 = -5*d + i. Let n be m(d). What is the highest common divisor of n and 17?
17
Let b be (-23)/((4/(-10))/(728/70)). What is the greatest common divisor of 46 and b?
46
Suppose 5*f - 5*x = 145, -109 = -4*f - 4*x + x. Calculate the greatest common factor of f and 119.
7
Let i(b) = 2*b**3 - b**2 - 4*b - 4. Let o(y) = y**3 + y**2 - y - 1. Let h(m) = i(m) - 3*o(m). Let g be h(-4). What is the highest common factor of g and 3?
3
Suppose g = -4*j + 342, -4*j + g + 31 + 315 = 0. Calculate the greatest common divisor of j and 473.
43
Suppose -19*j + 24 = -13*j. What is the greatest common divisor of j and 116?
4
Suppose 2*u + u = -4*p + 51, u + 40 = 5*p. What is the greatest common divisor of 45 and p?
9
Let o = 105 - -1111. What is the greatest common divisor of 76 and o?
76
Suppose -117*i = -95*i - 880. What is the highest common divisor of i and 36?
4
Let c = -885 - -906. Calculate the greatest common divisor of 57 and c.
3
Let g(b) = b**2 + 12*b - 11. Let u be g(-11). Let v = u + 28. Let f be (-4)/5*(-1 - 29). What is the greatest common factor of v and f?
6
Let z be 16270/55 + 5 + 106/(-22). What is the highest common factor of z and 185?
37
Let f be -2*((-65)/(-39) - (-1978)/(-6)). Calculate the greatest common divisor of f and 32.
16
Suppose 60*r - 543 = -9*r + 1251. Suppose 2*p - 6*p + 416 = 0. Calculate the greatest common divisor of p and r.
26
Let b(s) = 199*s**2 + 2*s - 3. Let f be b(1). What is the greatest common divisor of f and 72?
18
Let g(f) be the third derivative of -f**4/6 + f**3/6 + 6*f**2. Let z be g(-6). Suppose -6*a - 825 = -9*a. Calculate the greatest common factor of a and z.
25
Let y = -244 - -322. Calculate the greatest common divisor of y and 195.
39
Let m(v) = -3*v**2 + 4*v**2 - 9 - 1 + 0*v**2 - 2*v. Let k be m(-10). Suppose 4*s + 3 - 91 = 0. What is the highest common divisor of s and k?
22
Let p = -65 + 40. Let l be p - (-3 + (-12)/(-3)). Let r be (l + 2)*(-14)/21. What is the greatest common factor of r and 16?
16
Let s be 29 + 326 - 1*2. Let f(o) = 11*o**2 - 3*o + 3. Let q be f(-4). Let t = s - q. Calculate the highest common factor of t and 18.
18
Let m = -12 - -20. Let w(r) = -2*r**2 + 2*r. Let f(h) = 5*h**2 - 3*h. Let c(y) = 4*f(y) + 7*w(y). Let p be c(-4). What is the greatest common factor of p and m?
8
Let w be ((-1)/3)/(1/33). Let p be 72/(-16)*(-1 + w). Calculate the highest common divisor of 27 and p.
27
Suppose a + 4*r = 68, 3*r - 6*r - 68 = -a. Calculate the highest common divisor of 51 and a.
17
Suppose -2*v + 4239 - 1723 = 0. What is the highest common divisor of 74 and v?
74
Let a = 141 - 76. Suppose 5*y - a = -3*i, -3*y + 52 = y + 4*i. Suppose -5*w = -3*w - 104. Calculate the greatest common factor of w and y.
13
Let z(k) = -12*k - 1. Let u be z(-6). Let d = 92 - u. Calculate the greatest common divisor of d and 126.
21
Suppose j - 1 - 10 = -3*v, 9 = 2*v - j. Calculate the greatest common divisor of 148 and v.
4
Let f be (-132)/(-8)*6*4/6. Suppose f + 156 = x. What is the greatest common factor of x and 37?
37
Suppose -36 = -2*t + 2*r, t - 3*r - r = 18. Suppose -5*o + 1132 = g + 324, 0 = -3*o - 4*g + 478. Calculate the greatest common factor of o and t.
18
Suppose 35 = 4*w - 13. Suppose 8*k - 1440 = -7*k. What is the highest common factor of k and w?
12
Let h = -10278 + 10281. Let j be -8*(18/(-4))/3. Calculate the highest common divisor of h and j.
3
Suppose h + 759 = 2*y, -2*y + 744 = -0*y + 4*h. What is the highest common divisor of y and 42?
42
Let x = 18 + 8. Let m be 2/4*(17 - 17). Let p = m + 13. Calculate the highest common divisor of x and p.
13
Let m = 2 - -9. Let k be m*4*14/28. What is the highest common divisor of 2 and k?
2
Suppose 129 = 5*m - 4*u, 34*u - 2 = 36*u. Calculate the highest common divisor of m and 200.
25
Let v = 52 - 50. Suppose t + 4*n = 73, -n = -v*t + 52 + 112. Calculate the greatest common divisor of t and 54.
27
Let y be (-4 + (19 - 9))*2/6. What is the greatest common factor of 21 and y?
1
Suppose 7*d - 9*d + 508 = 4*g, d - 4*g - 272 = 0. What is the highest common factor of d and 715?
65
Let j = -213 - -390. What is the greatest common factor of 649 and j?
59
Let b = -4 + 12. Let p = -224 + 225. What is the highest common factor of b and p?
1
Let b = -75 + 97. What is the greatest common divisor of 121 and b?
11
Let s(o) be the third derivative of -23*o**6/10 - o**5/20 - o**4/12 - 26*o**2. Let l be s(-1). What is the highest common factor of l and 11?
11
Suppose d - 15*b = -11*b + 10, 3*b + 75 = 3*d. Calculate the highest common factor of 20 and d.
10
Suppose -g = -z - 9, -4*g - 64 + 9 = 3*z. Let f = z - -19. Suppose 13*h - 99 = -21. Calculate the greatest common divisor of f and h.
6
Let a = -78 - -78. Suppose -2*p = 3*i - 144, -4*p - 3*i + 75 + 201 = a. Calculate the highest common factor of p and 6.
6
Suppose -3*l + 280 = 2*l. Suppose 7*y - 6*y + 8 = 0. Let i be (-26)/(-2) + (y - -9). Calculate the greatest common divisor of i and l.
14
Suppose -p + 5*j - 2 = 0, p - 3*p = -4*j + 4. Let y be (-6*2/(-18))/(p/(-27)). What is the greatest common factor of y and 2?
1
Let z = -33 + 110. Calculate the greatest common divisor of z and 7.
7
Let v = 6 - -20. Let y(q) = q**3 - 17*q**2 + q - 134. Let n be y(18). What is the highest common divisor of v and n?
26
Let u(h) = -h**2 + 9 + 6*h**2 - 4*h**2. Let f be u(3). What is the greatest common divisor of 54 and f?
18
Let l(z) = z + 7. Let f be l(-6). Let b be ((-4)/8)/((-4)/56). What is the greatest common factor of f and b?
1
Let u(g) = 26*g - 1. Let m be u(3). Let k = -38 + m. What is the highest common factor of 13 and k?
13
Suppose -8 = 2*z, 5*u - 4*z - 13 = 8*u. Let j be (-2)/(-4)*14/7*u. Calculate the highest common divisor of 25 and j.
1
Suppose 6*g - 2*g = 216. Let y(l) = 9*l - 5. Let h be y(12). Suppose 3*k = w + h, 3*w = k - w - 16. What is the highest common divisor of g and k?
18
Let j(q) = q**3 - 8*q**2 + 10*q - 19. Let f be j(8). Let n = 75 - f. Calculate the greatest common divisor of 7 and n.
7
Let h(y) = y**3 + 5*y**2 + 4. Let x be h(-5). Let m(g) = -x - g + 6*g - g**2 + g. Let q be m(3). Calculate the greatest common factor of 40 and q.
5
Let l(o) = -2*o + 2. Let g be l(1). Suppose -10 = -p - 0*j - 2*j, -j - 2 = g. Calculate the greatest common divisor of p and 126.
14
Let h(f) = -8*f - 29. Let p be h(-4). Suppose 0*w - p*w + 4*i + 10 = 0, -10 = -5*i. What is the highest common divisor of w and 24?
6
Let g = -2013 + 2679. What is the greatest common divisor of g and 37?
37
Let c(l) = 14*l - 8. Let v be c(4). Calculate the greatest common divisor of v and 64.
16
Let a(j) = -j**2 - 33*j - 9. Let t be 2*(-47)/4 - (-1)/(-2). Let w be a(t). Let n be (-1 - 22)/(1 - 2). What is the greatest common divisor of w and n?
23
Let z be (-4)/6*2946/(-4). Suppose 171 - z = -10*r. Calculate the greatest common divisor of r and 4.
4
Let k(t) = 3 + 13 - 6*t - 20. Let q be k(-1). What is the highest common factor of q and 18?
2
Suppose 0 = j + p + 2, p = -5*j - 0*p + 6. Suppose -j*y = -3*y. Let m = y - -2. What is the greatest common factor of m and 1?
1
Let a be (-17 + 1)*((-2500)/80)/25. Suppose 0 = 5*v - 2*m - 38 - 116, 4*v + 3*m = 114. What is the greatest common divisor of a and v?
10
Let x(i) = -10*i - 57. Let q be x(-7). Calculate the greatest common factor of 104 and q.
13
Let w(n) = n + 7. Let a be w(-3). Let j = -309 - -353. What is the highest common divisor of a and j?
4
Suppose -6 = -3*z, -18*z + 17*z + 702 = 4